{"id":237,"date":"2019-12-03T09:48:21","date_gmt":"2019-12-03T08:48:21","guid":{"rendered":"https:\/\/www.menbillar.com\/new\/?page_id=237"},"modified":"2021-01-04T20:55:45","modified_gmt":"2021-01-04T19:55:45","slug":"organigrama","status":"publish","type":"page","link":"https:\/\/www.menbillar.com\/new\/organigrama\/","title":{"rendered":"Organigrama"},"content":{"rendered":"\n<p class=\"has-text-align-center has-huge-font-size\"><strong>Junta Directiva <\/strong><\/p>\n\n\n\n<p class=\"has-text-align-center\"><strong>(Actualizada a 04\/09\/2019)<\/strong><\/p>\n\n\n\n<p class=\"has-text-align-center has-medium-font-size\">Presidente: VALENT\u00cdN ANDALUZ BLAZQUEZ<br>Presidente de Honor: AVELINO RODR\u00cdGUEZ RICO<br>Vicepresidente: CARLOS ALBERTO CASTROMIL L\u00d3PEZ<br>Secretario: CARLOS RODR\u00cdGUEZ JIM\u00c9NEZ<br>Tesorero: VALENT\u00cdN ANDALUZ ANT\u00d3N<br>Director Deportivo: VALENT\u00cdN ANDALUZ ANT\u00d3N<br>Vocal: CHRISTIAN DAVID LATORRE GONZ\u00c1LEZ<br>Vocal: ANTONIO LLABR\u00c9S CA\u00d1ELLAS<br>Vocal: ESTELA CARDOSO SAN MILL\u00c1N<br>Vocal: JORGE S\u00c1NCHEZ RUIZ<br>Vocal: SARA SANTOS TELLO<\/p>\n","protected":false},"excerpt":{"rendered":"<p>Junta Directiva (Actualizada a 04\/09\/2019) Presidente: VALENT\u00cdN ANDALUZ BLAZQUEZPresidente de Honor: AVELINO RODR\u00cdGUEZ RICOVicepresidente: CARLOS ALBERTO CASTROMIL L\u00d3PEZSecretario: CARLOS RODR\u00cdGUEZ JIM\u00c9NEZTesorero: VALENT\u00cdN ANDALUZ ANT\u00d3NDirector Deportivo: VALENT\u00cdN ANDALUZ ANT\u00d3NVocal: CHRISTIAN DAVID LATORRE GONZ\u00c1LEZVocal: ANTONIO LLABR\u00c9S CA\u00d1ELLASVocal: ESTELA CARDOSO SAN MILL\u00c1NVocal: JORGE S\u00c1NCHEZ RUIZVocal: SARA SANTOS TELLO<\/p>\n","protected":false},"author":1,"featured_media":0,"parent":0,"menu_order":0,"comment_status":"closed","ping_status":"closed","template":"","meta":{"ub_ctt_via":""},"featured_image_src":null,"_links":{"self":[{"href":"https:\/\/www.menbillar.com\/new\/wp-json\/wp\/v2\/pages\/237"}],"collection":[{"href":"https:\/\/www.menbillar.com\/new\/wp-json\/wp\/v2\/pages"}],"about":[{"href":"https:\/\/www.menbillar.com\/new\/wp-json\/wp\/v2\/types\/page"}],"author":[{"embeddable":true,"href":"https:\/\/www.menbillar.com\/new\/wp-json\/wp\/v2\/users\/1"}],"replies":[{"embeddable":true,"href":"https:\/\/www.menbillar.com\/new\/wp-json\/wp\/v2\/comments?post=237"}],"version-history":[{"count":7,"href":"https:\/\/www.menbillar.com\/new\/wp-json\/wp\/v2\/pages\/237\/revisions"}],"predecessor-version":[{"id":368,"href":"https:\/\/www.menbillar.com\/new\/wp-json\/wp\/v2\/pages\/237\/revisions\/368"}],"wp:attachment":[{"href":"https:\/\/www.menbillar.com\/new\/wp-json\/wp\/v2\/media?parent=237"}],"curies":[{"name":"wp","href":"https:\/\/api.w.org\/{rel}","templated":true}]}}