{"id":1034,"date":"2023-10-10T11:44:29","date_gmt":"2023-10-10T09:44:29","guid":{"rendered":"https:\/\/www.menbillar.com\/new\/?page_id=1034"},"modified":"2024-07-03T08:04:53","modified_gmt":"2024-07-03T06:04:53","slug":"liga-de-la-c-a-m-2023-2024","status":"publish","type":"page","link":"https:\/\/www.menbillar.com\/new\/liga-de-la-c-a-m-2023-2024\/","title":{"rendered":"Liga de la C.A.M. 2023-2024"},"content":{"rendered":"\n<div class=\"is-layout-flex wp-container-4 wp-block-columns\">\n<div class=\"is-layout-flow wp-block-column\">\n<h2>Divisi\u00f3n de Honor<\/h2>\n\n\n\n<p><strong><a href=\"https:\/\/www.federacionmadriddebillar.com\/datos2324\/liga_reg_h_equipos.pdf?v=69353\" target=\"_blank\" rel=\"noreferrer noopener\">Equipos<\/a><\/strong><\/p>\n\n\n\n<p><strong><a href=\"https:\/\/www.federacionmadriddebillar.com\/datos2324\/liga_reg_h_cal.pdf?v=69353\" target=\"_blank\" rel=\"noreferrer noopener\">Calendario<\/a><\/strong><\/p>\n\n\n\n<h3>Resultados<\/h3>\n\n\n<div class=\"ub_styled_list \" id=\"ub_styled_list-1c7a82c9-4f85-4610-96d3-6e64e57bda71\"><ul class=\"fa-ul\"><li><a href=\"https:\/\/www.federacionmadriddebillar.com\/datos2324\/liga_reg_h_j1.pdf?v=20433\">Jornada 1<\/a><\/li><li><a href=\"https:\/\/www.federacionmadriddebillar.com\/datos2324\/liga_reg_1_j2.pdf?v=32111\">Jornada 2<\/a><\/li><li><a href=\"https:\/\/www.federacionmadriddebillar.com\/datos2324\/liga_reg_h_j3.pdf?v=16338\">Jornada 3<\/a><\/li><li><a href=\"https:\/\/www.federacionmadriddebillar.com\/datos2324\/liga_reg_h_j4.pdf?v=95859\">Jornada 4<\/a><\/li><li><a href=\"https:\/\/www.federacionmadriddebillar.com\/datos2324\/liga_reg_h_j5.pdf?v=51024\">Jornada 5<\/a><\/li><li><a href=\"https:\/\/www.federacionmadriddebillar.com\/datos2324\/liga_reg_h_j6.pdf?v=51024\">Jornada 6<\/a><\/li><li><a href=\"https:\/\/www.federacionmadriddebillar.com\/datos2324\/liga_reg_h_j7.pdf?v=50238\">Jornada 7<\/a><\/li><li><a href=\"https:\/\/www.federacionmadriddebillar.com\/datos2324\/liga_reg_h_j8.pdf?v=33920\">Jornada 8<\/a><\/li><li><a href=\"https:\/\/www.federacionmadriddebillar.com\/datos2324\/liga_reg_h_j9.pdf?v=33920\">Jornada 9<\/a><\/li><li><a href=\"https:\/\/www.federacionmadriddebillar.com\/datos2324\/liga_reg_h_j10.pdf?v=11557\">Jornada 10<\/a><\/li><li><a href=\"https:\/\/www.federacionmadriddebillar.com\/datos2324\/liga_reg_h_j11.pdf?v=95648\">Jornada 11<\/a><\/li><li><a href=\"https:\/\/www.federacionmadriddebillar.com\/datos2324\/liga_reg_h_j12.pdf\">Jornada 12<\/a><\/li><li><a href=\"https:\/\/www.federacionmadriddebillar.com\/datos2324\/liga_reg_h_j13.pdf?v=95247\">Jornada 13<\/a><\/li><li><a href=\"https:\/\/www.federacionmadriddebillar.com\/datos2324\/liga_reg_h_j14.pdf?v=95247\">Jornada 14<\/a><\/li><\/ul><\/div>\n\n\n<p><\/p>\n\n\n\n<p><\/p>\n<\/div>\n\n\n\n<div class=\"is-layout-flow wp-block-column\">\n<h2>Primera Divisi\u00f3n<\/h2>\n\n\n\n<p><strong><a rel=\"noreferrer noopener\" href=\"https:\/\/www.federacionmadriddebillar.com\/datos2324\/liga_reg_1_equipos.pdf?v=69353\" target=\"_blank\">Equipos<\/a><\/strong><\/p>\n\n\n\n<p><strong><a rel=\"noreferrer noopener\" href=\"https:\/\/www.federacionmadriddebillar.com\/datos2324\/liga_reg_1_cal.pdf?v=69353\" target=\"_blank\">Calendario<\/a><\/strong><\/p>\n\n\n\n<h3>Resultados<\/h3>\n\n\n<div class=\"ub_styled_list \" id=\"ub_styled_list-4493444d-f9dd-41fb-824a-b078219dddcc\"><ul class=\"fa-ul\"><li><a href=\"https:\/\/www.federacionmadriddebillar.com\/datos2324\/liga_reg_1_j1.pdf?v=20433\">Jornada 1<\/a><\/li><li><a href=\"https:\/\/www.federacionmadriddebillar.com\/datos2324\/liga_reg_1_j2.pdf?v=32111\">Jornada 2<\/a><\/li><li><a href=\"https:\/\/www.federacionmadriddebillar.com\/datos2324\/liga_reg_1_j3.pdf?v=16338\">Jornada 3<\/a><\/li><li><a href=\"https:\/\/www.federacionmadriddebillar.com\/datos2324\/liga_reg_1_j4.pdf?v=95859\">Jornada 4<\/a><\/li><li><a href=\"https:\/\/www.federacionmadriddebillar.com\/datos2324\/liga_reg_1_j5.pdf?v=34339\">Jornada 5<\/a><\/li><li><a href=\"https:\/\/www.federacionmadriddebillar.com\/datos2324\/liga_reg_1_j6.pdf?v=51024\">Jornada 6<\/a><\/li><li><a href=\"https:\/\/www.federacionmadriddebillar.com\/datos2324\/liga_reg_1_j7.pdf?v=50238\">Jornada 7<\/a><\/li><li><a href=\"https:\/\/www.federacionmadriddebillar.com\/datos2324\/liga_reg_1_j8.pdf?v=48497\">Jornada 8<\/a><\/li><li><a href=\"https:\/\/www.federacionmadriddebillar.com\/datos2324\/liga_reg_1_j9.pdf?v=48497\">Jornada 9<\/a><\/li><li><a href=\"https:\/\/www.federacionmadriddebillar.com\/datos2324\/liga_reg_1_j10.pdf?v=67244\">Jornada 10<\/a><\/li><li><a href=\"https:\/\/www.federacionmadriddebillar.com\/datos2324\/liga_reg_1_j11.pdf?v=95648\">Jornada 11<\/a><\/li><li><a href=\"https:\/\/www.federacionmadriddebillar.com\/datos2324\/liga_reg_1_j12.pdf\">Jornada 12<\/a><\/li><li><a href=\"https:\/\/www.federacionmadriddebillar.com\/datos2324\/liga_reg_1_j13.pdf?v=7796\">Jornada 13<\/a><\/li><li><a href=\"https:\/\/www.federacionmadriddebillar.com\/datos2324\/liga_reg_1_j14.pdf?v=86759\">Jornada 14<\/a><\/li><\/ul><\/div><\/div>\n\n\n\n<div class=\"is-layout-flow wp-block-column\">\n<h2>Segunda Divisi\u00f3n<\/h2>\n\n\n\n<p><strong><a href=\"https:\/\/www.federacionmadriddebillar.com\/datos2324\/liga_reg_2_equipos.pdf?v=69353\">Equipos<\/a><\/strong><\/p>\n\n\n\n<p><strong><a href=\"https:\/\/www.federacionmadriddebillar.com\/datos2324\/liga_reg_2_cal.pdf?v=69353\">Calendario<\/a><\/strong><\/p>\n\n\n\n<h3>Resultados<\/h3>\n\n\n<div class=\"ub_styled_list \" id=\"ub_styled_list-d558c950-d7bf-4aeb-a521-980ea770033b\"><ul class=\"fa-ul\"><li><a href=\"https:\/\/www.federacionmadriddebillar.com\/datos2324\/liga_reg_2_j1.pdf?v=69353\">Jornada 1<\/a><\/li><li><a href=\"https:\/\/www.federacionmadriddebillar.com\/datos2324\/liga_reg_2_j2.pdf?v=20433\">Jornada 2<\/a><\/li><li><a href=\"https:\/\/www.federacionmadriddebillar.com\/datos2324\/liga_reg_2_j3.pdf?v=32111\">Jornada 3<\/a><\/li><li><a href=\"https:\/\/www.federacionmadriddebillar.com\/datos2324\/liga_reg_2_j4.pdf?v=16338\">Jornada 4<\/a><\/li><li><a href=\"https:\/\/www.federacionmadriddebillar.com\/datos2324\/liga_reg_2_j5.pdf?v=4730\">Jornada 5<\/a><\/li><li><a href=\"https:\/\/www.federacionmadriddebillar.com\/datos2324\/liga_reg_2_j6.pdf?v=4730\">Jornada 6<\/a><\/li><li><a href=\"https:\/\/www.federacionmadriddebillar.com\/datos2324\/liga_reg_2_j7.pdf?v=95859\">Jornada 7<\/a><\/li><li><a href=\"https:\/\/www.federacionmadriddebillar.com\/datos2324\/liga_reg_2_j8.pdf?v=34339\">Jornada 8<\/a><\/li><li><a href=\"https:\/\/www.federacionmadriddebillar.com\/datos2324\/liga_reg_2_j9.pdf?v=37552\">Jornada 9<\/a><\/li><li><a href=\"https:\/\/www.federacionmadriddebillar.com\/datos2324\/liga_reg_2_j10.pdf?v=63693\">Jornada 10<\/a><\/li><li><a href=\"https:\/\/www.federacionmadriddebillar.com\/datos2324\/liga_reg_2_j11.pdf?v=74593\">Jornada 11<\/a><\/li><li><a href=\"https:\/\/www.federacionmadriddebillar.com\/datos2324\/liga_reg_2_j12.pdf?v=51024\">Jornada 12<\/a><\/li><li><a href=\"https:\/\/www.federacionmadriddebillar.com\/datos2324\/liga_reg_2_j13.pdf?v=59815\">Jornada 13<\/a><\/li><li><a href=\"https:\/\/www.federacionmadriddebillar.com\/datos2324\/liga_reg_2_j14.pdf?v=15114\">Jornada 14<\/a><\/li><li><a href=\"https:\/\/www.federacionmadriddebillar.com\/datos2324\/liga_reg_2_j15.pdf?v=50238\">Jornada 15<\/a><\/li><li><a href=\"https:\/\/www.federacionmadriddebillar.com\/datos2324\/liga_reg_2_j16.pdf?v=17468\">Jornada 16<\/a><\/li><li><a href=\"https:\/\/www.federacionmadriddebillar.com\/datos2324\/liga_reg_2_j17.pdf?v=33920\">Jornada 17<\/a><\/li><li><a href=\"https:\/\/www.federacionmadriddebillar.com\/datos2324\/liga_reg_2_j18.pdf?v=69745\">Jornada 18<\/a><\/li><li><a href=\"https:\/\/www.federacionmadriddebillar.com\/datos2324\/liga_reg_2_j19.pdf?v=67244\">Jornada 19<\/a><\/li><li><a href=\"https:\/\/www.federacionmadriddebillar.com\/datos2324\/liga_reg_2_j20.pdf?v=95834\">Jornada 20<\/a><\/li><li><a href=\"https:\/\/www.federacionmadriddebillar.com\/datos2324\/liga_reg_2_j21.pdf?v=95648\">Jornada 21<\/a><\/li><li><a href=\"https:\/\/www.federacionmadriddebillar.com\/datos2324\/liga_reg_2_j22.pdf\">Jornada 22<\/a><\/li><\/ul><\/div><\/div>\n<\/div>\n","protected":false},"excerpt":{"rendered":"<p>Divisi\u00f3n de Honor Equipos Calendario Resultados Primera Divisi\u00f3n Equipos Calendario Resultados Segunda Divisi\u00f3n Equipos Calendario Resultados<\/p>\n","protected":false},"author":1,"featured_media":0,"parent":0,"menu_order":0,"comment_status":"closed","ping_status":"closed","template":"","meta":{"ub_ctt_via":""},"featured_image_src":null,"_links":{"self":[{"href":"https:\/\/www.menbillar.com\/new\/wp-json\/wp\/v2\/pages\/1034"}],"collection":[{"href":"https:\/\/www.menbillar.com\/new\/wp-json\/wp\/v2\/pages"}],"about":[{"href":"https:\/\/www.menbillar.com\/new\/wp-json\/wp\/v2\/types\/page"}],"author":[{"embeddable":true,"href":"https:\/\/www.menbillar.com\/new\/wp-json\/wp\/v2\/users\/1"}],"replies":[{"embeddable":true,"href":"https:\/\/www.menbillar.com\/new\/wp-json\/wp\/v2\/comments?post=1034"}],"version-history":[{"count":34,"href":"https:\/\/www.menbillar.com\/new\/wp-json\/wp\/v2\/pages\/1034\/revisions"}],"predecessor-version":[{"id":1139,"href":"https:\/\/www.menbillar.com\/new\/wp-json\/wp\/v2\/pages\/1034\/revisions\/1139"}],"wp:attachment":[{"href":"https:\/\/www.menbillar.com\/new\/wp-json\/wp\/v2\/media?parent=1034"}],"curies":[{"name":"wp","href":"https:\/\/api.w.org\/{rel}","templated":true}]}}